
False
Let d(j) = j**3 + j**2 + 9*j + 1814. Suppose 3*i + 0*k - 9 = 3*k, k = -3*i - 3. Is d(i) a composite number?
True
Let m(o) = -3*o**3 + 44*o**2 + 35*o - 285. Let g be m(15). Let f(u) = -u**2 + u + 19. Let j be f(0). Suppose -g*h = -j*h + 5596. Is h a composite number?
False
Suppose -13*q = -1982453 - 247970. Is q a composite number?
False
Suppose 5*t = 3*g + 3*t - 2350, 5*g - 5*t = 3920. Is (g - -13) + 5 + -1 prime?
False
Let u(p) = 9*p**2 + 2*p + 5. Let x(w) = 25*w**2 + 5*w + 16. Let n(z) = -11*u(z) + 4*x(z). Is n(26) a composite number?
True
Let v(b) = -11338*b + 5075. Is v(-155) a prime number?
False
Let p = 312 - 271. Suppose -5755 = 36*j - p*j. Is j prime?
True
Suppose -142802 - 4331187 = -13*t. Is t a composite number?
False
Let b = 46 - 39. Suppose -7*f = -b - 28. Let x(a) = 21*a + 8. Is x(f) a prime number?
True
Let i(n) = 582*n + 1526. Is i(38) a composite number?
True
Is (-5)/(-60) + 11503121/84 + 1 a composite number?
False
Let h(l) = 190*l - 37. Let v(b) be the first derivative of -b**2 + 19*b + 25. Let u be v(4). Is h(u) prime?
True
Suppose -7171 = -x + 438. Suppose -10*n + 17*n - x = 0. Is n a prime number?
True
Let i(r) = 47*r**3 - 1. Let z be i(3). Suppose -15 = 2*l - 2*j - 29, 2*l + 4*j - 8 = 0. Suppose z = l*x - 2*x. Is x a prime number?
True
Let r(w) = -3*w**3 + 15*w**2 - 17*w - 78. Let i be r(-13). Suppose 4*z + 13891 = 3*x, 0 = -2*x + 17*z - 16*z + i. Is x a composite number?
False
Let w(n) be the first derivative of 2*n**3/3 + 12*n**2 + 2*n - 4. Let t(j) = j + 11. Let g be t(-23). Is w(g) a composite number?
False
Let u(o) = o**2 + 17*o + 5. Let v be u(-17). Suppose -40 = -v*x - 5*x. Let z(w) = 17*w**2 + 5*w - 5. Is z(x) a composite number?
True
Suppose 0 = -0*n - 5*n. Let g be 2/6 + n - (-15510)/45. Is -1 + g - 1/(4/(-8)) a composite number?
True
Let k(s) = 46*s + 61*s + 3*s + 84. Let j be k(-25). Let w = 3817 + j. Is w composite?
False
Let i(a) = 460113*a + 2648. Is i(7) a composite number?
False
Let r = 414 + -401. Suppose -r*x + 23862 = -210671. Is x prime?
True
Let t(v) = -3875*v**3 + 3*v - 11. Is t(-3) a composite number?
True
Let y = 1394375 - 533178. Is y prime?
False
Suppose -87*z + 310*z = 17858063. Is z prime?
False
Let k = 514401 - 357824. Is k prime?
True
Suppose 4*c + 2*u = c + 444975, -5*c + 6*u = -741653. Is c prime?
False
Suppose 17828601 = 10*z + 20*z + 19*z. Is z a prime number?
False
Suppose -2*g + 21746 = 2*p, -2*g = 3*p - 10460 - 11287. Let w = g + -5249. Is w composite?
False
Suppose -7*q + 3*q = -3*k + 10029, -k - 3*q = -3343. Suppose -z = -3*a - k, -z - 4*a = -2*a - 3343. Is z prime?
True
Suppose -4*o + 4 = 4*j, 3*j = 37*o - 38*o - 3. Is j*(3333/(-44))/((-9)/(-894)) a composite number?
True
Let v(h) = 591*h**3 - 6*h**2 + 6*h + 28. Is v(5) a prime number?
True
Let c(d) = 3057*d**2 - 13*d - 49. Let w be (-1)/(-10*(-6)/180). Is c(w) composite?
True
Let q(p) = -58*p + 4. Let j be q(1). Let z = j - -59. Suppose -4*a = -v + 3006 - 267, 0 = 5*a - z. Is v a composite number?
True
Let c = -7206 - -15625. Is c prime?
True
Let h be 28 + -11 + -3 + -5. Suppose -433033 = -h*i - 38032. Is i a composite number?
False
Suppose -51*f + 16503 + 79530 = 0. Suppose 0 = 734*n - 733*n - f. Is n composite?
True
Suppose -12*d = 6 - 30. Suppose -d*l + 554 = 76. Is l a prime number?
True
Suppose -14 = 4*y - 66. Suppose y*n + 54 = 4*n. Is (-554)/1*(3 - (-2 - n)) composite?
True
Let k(x) = 2276*x**2 - 70*x - 547. Is k(-7) composite?
False
Let y(x) = -x**3 + 5*x**2 + 5*x + 3. Let z be y(5). Suppose 10356 = -22*h + z*h. Is h a composite number?
True
Is (-322988)/(-12 - (-120)/15) composite?
False
Suppose -3*n = 2*q - 3841093 - 241590, 0 = 2*q - 10. Is n prime?
False
Let j(y) = y**3 + 7*y**2 - 11*y - 23. Let m be j(-8). Let q be (-22884)/(-16) - (-1)/(m + -5). Let n = q + -279. Is n composite?
False
Let g(x) = 7367*x**2 + 63*x - 175. Is g(18) a composite number?
False
Let z(v) be the first derivative of -43*v**4/12 + 4*v**3/3 + 19*v**2/2 + 10. Let s(o) be the second derivative of z(o). Is s(-1) a prime number?
False
Let h = 1198 + 27. Suppose -5*f = -2*o + o - 6097, 3*o = f - h. Is f prime?
False
Let c(x) = -2*x**2 - 14*x + 20. Let s be c(-21). Let n = 1242 + s. Let b = 723 + n. Is b composite?
True
Suppose 133 - 91 = 3*m. Suppose -13*z + 2403 = m*z. Is z a composite number?
False
Let q = 43 + -23. Suppose i - 6*i = 4*w - q, 0 = -2*w - 4*i + 16. Suppose 2*u - 151 = 3*j + 1414, 2*u - 2*j - 1568 = w. Is u composite?
False
Is 6/(-336)*-14 + (-531222)/(-8) a prime number?
True
Suppose z = -s - 1733, 0*s + 2*z - 6902 = 4*s. Suppose -12*p - 5*o = -15*p - 3687, 0 = -3*p + 2*o - 3687. Let w = p - s. Is w prime?
True
Is (790/(-60) + 13)/(2/(-1285644)) a composite number?
False
Suppose 0 = -6*o + 55 + 17. Suppose -3*i + 138 - o = 0. Suppose 4*a - 2*a = -5*p + i, -p + 3*a = -22. Is p composite?
True
Let t(w) = 4*w**2 + 100*w - 277. Is t(-74) composite?
True
Let i(v) = -4*v + 0*v - 7 + 24*v**2 + 6*v - 12*v**2. Let y be i(-5). Suppose -d - 2*d = -4*w - 899, 2*w = -d + y. Is d prime?
True
Suppose 0 = -h + 5*p - 8, -2*p = -4*h - 7*p + 18. Is (-5 - h) + 12203 - -7 a prime number?
True
Suppose -443295 = -3*m + 4*j, j + 738808 = -18*m + 23*m. Is m a composite number?
False
Let j be (-25)/(-5)*(-6546)/(-15). Suppose 2*f - 2730 = j. Suppose 0 = 2*i - 10*i + f. Is i prime?
True
Let v be (-82)/(-12) - 20/(-120) - 3. Is 4 + 8622/v + (-39)/(-26) composite?
False
Let a = 191186 - 96237. Is a composite?
False
Suppose -6*g + 9*g - 5*c = 2580702, 5*c = -g + 860254. Is g a prime number?
True
Let f(t) = 5*t**3 + 6*t**2 - 6*t + 1. Suppose -13 + 4 = -3*d. Let k be f(d). Suppose 2*n + k - 1146 = 3*r, -2435 = -5*n - 4*r. Is n composite?
False
Let l be 3 + 8231 - 15/5. Suppose -8*o = -106591 + l. Is o composite?
True
Let s = 2873 + 2526. Suppose 7*u - s = 3372. Is u composite?
True
Suppose 5*x - 180570 = -3*s, 0*x + 4*x = 2*s - 120358. Is s a composite number?
True
Let x be 489 + 3*(0 - -1). Suppose 5*o - 1231 = 3*r, 3*o + 6*r - 7*r - 737 = 0. Let c = x - o. Is c prime?
False
Let d be (65/(-15) - -4)*6. Let c be (56/(-42))/(d/(-3)). Is c - ((-4273)/4)/((-8)/(-32)) composite?
False
Let s(l) = -l**2 + 9*l - 8. Let r be s(3). Suppose 0 = 5*c - r*c + 20. Suppose -2*q - 228 = -2*m, -c*q = 4*m - 0*m - 496. Is m composite?
True
Let m = 1684 + -982. Let z be 103/(((-27)/(-12))/(-9)) - 1. Let i = z + m. Is i a prime number?
False
Let h = -10151 + 20824. Is h prime?
False
Let i be ((2 + -3)/(-1))/(19/399). Suppose k = -c + 5*k + 11, -i = -5*c + 3*k. Suppose c*s - 4*b = 5585, -5*b + b = -s + 1851. Is s a prime number?
True
Let q(j) = j. Let f(a) = -99*a + 41. Let k(b) = -2*f(b) + 6*q(b). Let i be k(10). Suppose -38*z + i = -36*z. Is z a prime number?
False
Let k(x) = 2301*x**2 + 72*x - 566. Is k(7) a prime number?
True
Let p(v) = 2*v**2 + 11*v + 15. Let j be p(-6). Let t be (-850)/(-35) + 36/j + -2. Is 8/t - (-10120)/6 composite?
True
Let l(d) = -2*d**2 - 33*d + 18. Let f be l(-17). Is 2502 - f*(-3 - -2) a composite number?
False
Suppose -219*c + 189*c + 1502935 = -409235. Is c a prime number?
False
Suppose 8080659 = 55*n + 3897711 - 23134067. Is n a prime number?
False
Suppose 34*c - 13*c - 720615 = 521724. Is c prime?
True
Let c = 105081 + -12458. Is c a composite number?
False
Suppose 0*n + 10 = 5*n. Suppose k + 4*y = -n*k, -2*k + 5 = y. Suppose k*b - 155 = 141. Is b a prime number?
False
Suppose -5*g + 0*g + 4105 = 0. Suppose -13*u - 15*u = -14056. Let v = g - u. Is v a composite number?
True
Let f(g) = -2*g**3 - 5*g**2 + 4*g - 1. Let u be -2 + -1 + -4 - -4. Let d be f(u). Is (d/1)/((-12)/618) a composite number?
True
Let d(h) = -7*h + 27. Let i(v) be the second derivative of v**5/20 - v**4/2 + 7*v**3/6 - 2*v**2 + 30*v. Let f be i(3). Is d(f) prime?
True
Let r be (-2)/(-23) - (-16360245)/1587. Suppose 4 = -f, -f = -g + f + r. Is g composite?
False
Suppose -2*j + 146838 = -3*f + 2701, -5*j = -32*f - 360269. Is j a composite number?
False
Let l(a) = -34834*a - 60. Let p be l(3). Let d = -55831 - p. Is d a prime number?
True
Let x(h) = 130*h**3 - 7*h**2 + 50*h - 70. Is x(3) a composite number?
False
Let u = 834743 + 56799. Is u prime?
False
Let w(o) = 6*o + 7. Let l be w(-1). Is (1/l)/(35/105945) a prime number?
False
Let k = 367279 + -199318. Is k a prime number